**2 - 108*s + 418. Calculate k(4).
18
Let a(f) = -69*f + 1743. Determine a(22).
225
Let k(y) = 671*y + 137552. Give k(-205).
-3
Let x(s) = 27*s - 368. What is x(14)?
10
Let i(n) = 3*n**2 - 23*n - 142. Calculate i(11).
-32
Let c(w) = w**2 + 77*w + 1390. What is c(-48)?
-2
Let h(i) = 34*i + 1139. What is h(-36)?
-85
Let c(d) = 4*d**2 + 8*d + 37. Give c(-7).
177
Let y(z) = z**2 + 5*z - 39. Determine y(-8).
-15
Let g(d) = -10*d**2 + 121*d + 29. Give g(12).
41
Let m(r) = -2088*r + 29228. What is m(14)?
-4
Let c(i) = -50*i + 164. What is c(0)?
164
Let w(u) = -u**3 - 8*u**2 + 37*u + 259. Determine w(-9).
7
Let m(h) = -900*h - 4496. Give m(-5).
4
Let v(q) = 418*q - 6. Calculate v(0).
-6
Let j(s) = 1815*s - 25416. Determine j(14).
-6
Let j(h) = -h**3 - 15*h**2 - 63*h - 188. Give j(-11).
21
Let o(b) = 3690*b + 147600. Calculate o(-40).
0
Let v(r) = -r**3 + 13*r**2 - 57*r + 5. Give v(5).
-80
Let r(i) = 4*i**2 + 74*i + 44. Calculate r(-18).
8
Let n(u) = 293*u + 3212. Determine n(-11).
-11
Let w(h) = 4*h - 101. Give w(9).
-65
Let g(k) = -489*k + 9788. Give g(20).
8
Let a(s) = -3*s**2 - 207*s + 265. What is a(-72)?
-383
Let w(r) = -r**3 - 136*r**2 + 421*r + 533. Calculate w(-139).
-23
Let k(w) = -76*w + 2934. Determine k(38).
46
Let m(r) = -r**3 + 70*r**2 + 73*r - 248. Calculate m(71).
-106
Let c(n) = -4*n**2 - 24*n - 11. Calculate c(-6).
-11
Let m(r) = -3*r**3 + 13*r**2 - 90*r + 507. Give m(5).
7
Let i(o) = o**2 + 10*o - 17. Calculate i(-5).
-42
Let r(s) = -46*s - 114. Calculate r(-6).
162
Let g(b) = -33*b**3 + 2*b**2 - 2*b - 3. Calculate g(2).
-263
Let m(v) = 2*v**2 - 65*v + 20. Give m(27).
-277
Let x(t) = 2*t**2 + 17*t - 29. Give x(7).
188
Let r(a) = a**3 + 13*a**2 - 20*a - 80. Give r(-14).
4
Let m(c) = -2*c**2 - 625*c - 1237. Give m(-2).
5
Let s(c) = -2*c**3 - 20*c**2 - 11*c - 9. Determine s(-8).
-177
Let y(v) = 29*v**2 - 245*v + 213. Give y(7).
-81
Let c(p) = -95*p - 17664. Give c(-185).
-89
Let d(h) = -25*h + 953. Calculate d(37).
28
Let t(o) = 111*o**2 + 221*o + 1. What is t(-2)?
3
Let h(w) = -113*w + 786. Calculate h(7).
-5
Let o(y) = -19*y - 426. Determine o(-23).
11
Let a(c) = -74*c**2 + 10*c - 22. Give a(3).
-658
Let i(q) = 282*q - 4845. Calculate i(17).
-51
Let t(q) = q**2 + 2563*q + 90977. Determine t(-36).
5
Let t(p) = p**2 - 4459*p + 53360. Give t(12).
-4
Let d(a) = 2*a**3 + 7*a**2 + 7*a + 10. What is d(-4)?
-34
Let l(o) = 5*o**2 - 110*o + 363. What is l(18)?
3
Let j(b) = b**3 + 8*b**2 - 7*b + 21. Give j(-10).
-109
Let m(t) = t**3 + 2*t**2 - 27*t - 49. Calculate m(-4).
27
Let h(q) = q**2 - 9*q - 219. Give h(-26).
691
Let q(p) = -p**2 + 519*p + 1546. Determine q(-3).
-20
Let w(a) = a**2 + a - 2. What is w(10)?
108
Let a(l) = 121*l - 524. What is a(3)?
-161
Let r(m) = 11*m**2 + 21*m. Determine r(-2).
2
Let c(f) = -2*f**2 + 7*f - 21. What is c(4)?
-25
Let k(a) = -30*a + 185. Give k(5).
35
Let k(b) = -3*b**3 - 10*b**2 - 17*b + 64. What is k(-4)?
164
Let l(w) = 165*w - 2317. What is l(14)?
-7
Let z(h) = -16*h**2 - 216*h - 3. Calculate z(-14).
-115
Let t(i) = 1273*i - 7655. Give t(6).
-17
Let y(h) = -h**2 + 33*h - 345. Give y(11).
-103
Let c(h) = h**3 - 11*h**2 + 8*h - 26. Give c(9).
-116
Let f(l) = 646*l - 14231. Calculate f(22).
-19
Let f(s) = s**2 + 35*s - 1331. What is f(23)?
3
Let v(z) = 66*z + 676. What is v(0)?
676
Let m(o) = -o**3 - 22*o**2 - 61*o - 109. Determine m(-19).
-33
Let w(r) = 2*r**3 + 157*r**2 - 81*r - 255. Determine w(-79).
-97
Let n(q) = -q**2 - 320*q + 958. Calculate n(3).
-11
Let d(h) = 38*h - 121. Give d(0).
-121
Let o(w) = w**3 + 35*w**2 + 73*w + 176. Calculate o(-33).
-55
Let s(c) = -76*c + 6871. Determine s(89).
107
Let d(n) = -26*n + 487. Give d(29).
-267
Let w(y) = 44*y + 535. Determine w(-12).
7
Let a(x) = 35*x + 5831. Give a(-167).
-14
Let y(u) = -u**2 + 47*u + 1590. What is y(70)?
-20
Let h(k) = 122*k**3 - 4*k**2 - 11*k + 15. Give h(1).
122
Let j(y) = 14*y + 170. Determine j(-7).
72
Let g(u) = -94*u**3 - u**2 + 9*u - 6. Calculate g(1).
-92
Let k(o) = o**2 - 168*o + 1126. Calculate k(7).
-1
Let s(a) = -9*a**2 + 564*a + 123. Give s(62).
495
Let h(d) = -1847*d - 9273. What is h(-5)?
-38
Let d(s) = 2*s**3 + 12*s**2 - 13*s - 76. Calculate d(-6).
2
Let j(z) = -z - 112. Calculate j(13).
-125
Let r(d) = 142*d + 1164. Determine r(-8).
28
Let s(m) = 7*m**2 - 362*m + 733. Calculate s(2).
37
Let t(i) = -2*i**3 + 105*i**2 - 153*i + 49. What is t(51)?
49
Let w(z) = -344*z + 28532. What is w(83)?
-20
Let n(s) = -s**2 + 151*s + 17. What is n(0)?
17
Let d(o) = 2*o + 90. Give d(-45).
0
Let l(s) = 6*s**2 - 9*s - 20. Calculate l(-4).
112
Let v(r) = 13*r - 87. Calculate v(10).
43
Let n(x) = -x**2 + 509*x + 6821. Determine n(-13).
35
Let l(s) = -2*s**2 + 101*s - 719. Give l(7).
-110
Let f(r) = 6*r**2 + 69*r + 119. Give f(-10).
29
Let n(c) = c**3 + 11*c**2 - 30*c + 36. What is n(6)?
468
Let z(x) = 6*x**3 - 22*x**2 + 18*x - 22. Calculate z(3).
-4
Let v(z) = -z**3 - 53*z**2 - 359*z - 61. Determine v(-45).
-106
Let v(a) = 2*a**3 + 79*a**2 - 706*a - 44. Determine v(-47).
3
Let g(b) = -19*b + 177. Determine g(10).
-13
Let b(u) = u**2 - 10*u - 32. Calculate b(12).
-8
Let t(y) = y**3 - 2*y**2 + 10*y - 24. Determine t(3).
15
Let w(k) = k**3 - 92*k**2 + 7*k - 655. Give w(92).
-11
Let j(r) = 3*r**3 + 24*r**2 + 75*r + 598. What is j(-8)?
-2
Let v(q) = 30*q**2 + 86*q + 7. Determine v(-3).
19
Let r(t) = -t**3 - 4*t**2 + 9*t + 4. Give r(-6).
22
Let k(o) = o**3 - 14*o**2 + 35*o + 8. Determine k(4).
-12
Let h(l) = 17*l**2 + 22*l + 106. Calculate h(-4).
290
Let m(a) = 17*a - 166. What is m(17)?
123
Let y(s) = -s**2 - 24*s - 511. What is y(-42)?
-1267
Let y(x) = 6*x**2 + 126*x + 845. Determine y(-9).
197
Let s(z) = 23*z + 180. Give s(-11).
-73
Let s(i) = -2*i**3 + 18*i**2 - 14*i - 93. Give s(8).
-77
Let n(w) = -4*w**2 - 253*w + 113. Determine n(-64).
-79
Let m(j) = 13*j + 58. What is m(-6)?
-20
Let a(x) = -13*x**3 + 6*x**2 - x - 5. Calculate a(-3).
403
Let u(l) = -14*l**2 - 572*l + 1941. Calculate u(-44).
5
Let s(b) = 3*b**2 + 44*b - 491. What is s(8)?
53
Let m(f) = -f**3 + 13*f**2 + 6*f + 4. Calculate m(14).
-108
Let z(x) = -109*x + 10035. Give z(92).
7
Let q(w) = 227*w - 1626. What is q(7)?
-37
Let b(a) = -3*a**2 + 121*a - 268. Determine b(38).
-2
Let t(v) = 80*v + 550. Determine t(-6).
70
Let k(x) = -x**2 - 36*x - 292. What is k(-13)?
7
Let r(l) = 12*l**3 - 263*l**2 - 20*l - 47. Determine r(22).
-3
Let l(w) = 5*w**2 + 102*w + 531. Determine l(-9).
18
Let f(q) = q**3 + 369*q**2 + 647*q - 31926. Give f(-367).
3
Let v(h) = 6*h + 539. Determine v(-16).
443
Let v(y) = -4*y**3 - 4*y**2 - 7*y + 1. What is v(3)?
-164
Let x(l) = 642*l + 4481. Give x(-7).
-13
Let x(u) = 2*u**2 + 134*u + 32. Calculate x(-67).
32
Let x(i) = -61*i + 2065. Determine x(34).
-9
Let y(f) = -4*f**2 - 24*f + 86. What is y(-10)?
-74
Let p(x) = x**2 + 48*x - 30. Calculate p(-48).
-30
Let x(m) = m**3 - 18*m**2 + 5*m - 76. Give x(18).
14
Let d(z) = 27*z + 1342. Determine d(-49).
19
Let n(l) = 3*l**2 + 377*l + 1302. What is n(-122)?
-40
Let p(s) = 2544*s - 20355. Give p(8).
-3
Let t(s) = -1066*s - 6398. What is t(-6)?
-2
Let a(m) = -13*m - 961. Determine a(-41).
-428
Let s(a) = -22*a - 522. Calculate s(-24).
6
Let u(o) = -o**2 + 3*o + 48. Give u(6).
30
Let h(g) = g**2 + 48*g + 690. Determine h(-20).
130
Let l(z) = -6*z**2 + 39*z - 29. Determine l(10).
-239
Let t(m) = 19*m**2 - 7*m - 21. Calculate t(5).
419
Let s(z) = 17*z + 331. Give s(-14).
93
Let b(p) = -4*p**3 - 11*p**2 - 5*p + 13. Calculate b(-4).
113
Let l(v) = -2*v**3 - 42*v**2 - 17. Determine l(-21).
-17
Let d(k) = 3*k**2 + 754*k + 24315. Give d(-38).
-5
Let z(n) = 1540*n + 26176. Calculate z(-17).
-4
Let b(k) = -2*k**3 + 278*k**2 - 6*k + 827. Give b(139).
-7
Let k(w) = 16*w**3 - 2816*w**2 - 3*w + 553. Calculate k(176).
25
Let l(u) = 2350*u + 4703. Give l(-2).
3
Let b(l) = 36*l + 1096. Calculate b(-20).
376
Let o(f) = -f**2 - 877*f + 7088. Calculate o(8).
8
Let r(z) = -z**3 - 25*z**2 - 62*z + 22. Determine r(-22).
-66
Let q(x) = x**3 + 17*x**2 + 30*x + 6. What is q(-15)?
6
Let j(c) = c**3 - 18*c**2 + 37*c - 2. Calculate j(15).
-122
Let r(l) = 8548*l - 76930. What is r(9)?
2
Let k(x) = 4*x**3 + 198*x**2 - 110*x - 4. Give k(-50).
496
Let n(o) = -45*o - 1530. Give n(-34).
0
Let d(h) = 61*h - 2126. Determine d(24).
-662
Let f(j) = -522*